ime factors of 3811995?
3, 5, 11, 17, 151
What are the prime factors of 193981?
29, 6689
What are the prime factors of 241676?
2, 31, 1949
What are the prime factors of 630252?
2, 3, 7, 41, 61
What are the prime factors of 496765?
5, 73, 1361
List the prime factors of 813860.
2, 5, 40693
What are the prime factors of 412038?
2, 3, 11, 2081
What are the prime factors of 74755?
5, 14951
List the prime factors of 597692.
2, 149423
List the prime factors of 705659.
311, 2269
List the prime factors of 253704.
2, 3, 11, 31
What are the prime factors of 170499?
3, 7, 23, 353
What are the prime factors of 1034146?
2, 517073
List the prime factors of 1287992.
2, 131, 1229
What are the prime factors of 13410431?
53, 89, 2843
List the prime factors of 18444479.
733, 25163
List the prime factors of 50470.
2, 5, 7, 103
What are the prime factors of 244886?
2, 122443
List the prime factors of 897539.
43, 20873
What are the prime factors of 9203555?
5, 1840711
What are the prime factors of 1403364?
2, 3, 83, 1409
What are the prime factors of 2875526?
2, 641, 2243
List the prime factors of 355751.
11, 32341
What are the prime factors of 141451?
37, 3823
What are the prime factors of 15386210?
2, 5, 7, 73, 3011
What are the prime factors of 2861142?
2, 3, 281, 1697
What are the prime factors of 1956645?
3, 5, 43481
List the prime factors of 1452985.
5, 290597
What are the prime factors of 343448?
2, 7, 6133
List the prime factors of 27194144.
2, 97, 8761
What are the prime factors of 26000232?
2, 3, 41, 26423
List the prime factors of 3074458.
2, 47, 32707
List the prime factors of 16123946.
2, 173, 46601
What are the prime factors of 20999261?
20999261
What are the prime factors of 343154?
2, 7, 127, 193
List the prime factors of 1343605.
5, 268721
List the prime factors of 6290535.
3, 5, 29, 14461
List the prime factors of 924276.
2, 3, 77023
List the prime factors of 263726.
2, 29, 4547
List the prime factors of 787246.
2, 19, 20717
What are the prime factors of 14886118?
2, 13, 17, 33679
What are the prime factors of 2881597?
19, 37, 4099
List the prime factors of 300310.
2, 5, 59, 509
List the prime factors of 8330462.
2, 7, 23, 41, 631
List the prime factors of 1191671.
13, 31, 2957
List the prime factors of 131817.
3, 7, 6277
What are the prime factors of 750258?
2, 3, 41681
List the prime factors of 620188.
2, 155047
List the prime factors of 73759.
7, 41, 257
List the prime factors of 993169.
993169
List the prime factors of 1229206.
2, 11, 59, 947
List the prime factors of 1049148.
2, 3, 151, 193
What are the prime factors of 533582?
2, 7, 38113
List the prime factors of 708267.
3, 7, 29, 1163
What are the prime factors of 1263773?
7, 180539
List the prime factors of 880897.
19, 71, 653
What are the prime factors of 4921837?
367, 13411
List the prime factors of 2832023.
43, 67, 983
List the prime factors of 209124.
2, 3, 37, 157
List the prime factors of 4655888.
2, 290993
List the prime factors of 3510928.
2, 219433
List the prime factors of 431667.
3, 47963
List the prime factors of 246242.
2, 123121
List the prime factors of 89660.
2, 5, 4483
List the prime factors of 371490.
2, 3, 5, 7, 29, 61
What are the prime factors of 71395?
5, 109, 131
List the prime factors of 20251587.
3, 19, 31, 73, 157
What are the prime factors of 3092915?
5, 7, 19, 4651
List the prime factors of 522837.
3, 7, 43, 193
List the prime factors of 26263809.
3, 11, 13, 20407
List the prime factors of 10765.
5, 2153
List the prime factors of 629397.
3, 23311
List the prime factors of 132955.
5, 26591
List the prime factors of 522312.
2, 3, 7, 3109
List the prime factors of 454039.
454039
What are the prime factors of 19752491?
11, 313, 5737
What are the prime factors of 11527621?
7, 83, 19841
What are the prime factors of 10700901?
3, 181, 6569
List the prime factors of 14308468.
2, 101, 107, 331
What are the prime factors of 1878175?
5, 13, 5779
List the prime factors of 11419034.
2, 11, 97, 5351
What are the prime factors of 407300?
2, 5, 4073
List the prime factors of 25324366.
2, 29, 436627
List the prime factors of 23474352.
2, 3, 11, 23, 1933
List the prime factors of 1258689.
3, 419563
List the prime factors of 104115.
3, 5, 11, 631
List the prime factors of 4727750.
2, 5, 18911
What are the prime factors of 1046557?
1046557
What are the prime factors of 341502?
2, 3, 7, 47, 173
What are the prime factors of 1439162?
2, 53, 13577
What are the prime factors of 10157707?
7, 919, 1579
What are the prime factors of 7316665?
5, 43, 34031
What are the prime factors of 1129872?
2, 3, 23539
List the prime factors of 1153598.
2, 53, 10883
List the prime factors of 17041065.
3, 5, 71, 16001
What are the prime factors of 535360?
2, 5, 7, 239
What are the prime factors of 1268198?
2, 167, 3797
List the prime factors of 191656.
2, 23957
What are the prime factors of 71183?
7, 10169
What are the prime factors of 9970326?
2, 3, 19, 29153
List the prime factors of 55945.
5, 67, 167
What are the prime factors of 39753?
3, 7, 631
What are the prime factors of 8528293?
971, 8783
What are the prime factors of 1115566?
2, 19, 31, 947
List the prime factors of 6090400.
2, 5, 23, 331
List the prime factors of 914652.
2, 3, 941
List the prime factors of 34602194.
2, 11, 1093, 1439
What are the prime factors of 1412953?
193, 7321
List the prime factors of 711902.
2, 355951
List the prime factors of 2661414.
2, 3, 7, 63367
List the prime factors of 112370.
2, 5, 17, 661
What are the prime factors of 24051890?
2, 5, 211, 11399
What are the prime factors of 224426?
2, 112213
List the prime factors of 1704308.
2, 426077
What are the prime factors of 7312460?
2, 5, 59, 6197
What are the prime factors of 1278442?
2, 11, 58111
List the prime factors of 18097721.
18097721
List the prime factors of 299884.
2, 13, 73, 79
List the prime factors of 525130.
2, 5, 17, 3089
List the prime factors of 92816.
2, 5801
List the prime factors of 151745.
5, 11, 31, 89
List the prime factors of 12666278.
2, 6333139
What are the prime factors of 523724?
2, 311, 421
What are the prime factors of 96518?
2, 48259
What are the prime factors of 259?
7, 37
List the prime factors of 1220866.
2, 79, 7727
List the prime factors of 299815.
5, 61, 983
List the prime factors of 26800715.
5, 5360143
List the prime factors of 1387822.
2, 103, 6737
List the prime factors of 520202.
2, 29, 8969
List the prime factors of 2450172.
2, 3, 73, 2797
List the prime factors of 4222228.
2, 71, 14867
List the prime factors of 103027.
269, 383
What are the prime factors of 11342624?
2, 127, 2791
List the prime factors of 185747.
185747
List the prime factors of 2418348.
2, 3, 79, 2551
List the prime factors of 911659.
7, 17, 47, 163
List the prime factors of 4475153.
4475153
What are the prime factors of 223106?
2, 13, 8581
List the prime factors of 524276.
2, 53, 2473
List the prime factors of 284611.
31, 9181
List the prime factors of 24932707.
3733, 6679
List the prime factors of 139985.
5, 27997
List the prime factors of 9070363.
9070363
What are the prime factors of 319312?
2, 7, 2851
What are the prime factors of 20448061?
20448061
List the prime factors of 1498249.
43, 34843
What are the prime factors of 2095292?
2, 197, 2659
List the prime factors of 4504697.
131, 137, 251
What are the prime factors of 4786608?
2, 3, 99721
What are the prime factors of 462904?
2, 13, 4451
What are the prime factors of 58390?
2, 5, 5839
List the prime factors of 8095492.
2, 167, 12119
What are the prime factors of 12989047?
431, 30137
List the prime factors of 1389083.
1389083
List the prime factors of 889919.
107, 8317
What are the prime factors of 274841?
7, 71, 79
What are the prime factors of 3417543?
3, 379727
List the prime factors of 1271687.
1271687
What are the prime factors of 2850001?
7, 11, 37013
List the prime factors of 968293.
733, 1321
What are the prime factors of 348235?
5, 257, 271
What are the prime factors of 5762422?
2, 17, 169483
What are the prime factors of 855867?
3, 285289
What are the prime factors of 2094057?
3, 7, 43, 773
List the prime factors of 296928.
2, 3, 1031
List the prime factors of 121361.
157, 773
List the prime factors of 1456783.
31, 46993
List the prime factors of 3378136.
2, 422267
What are the prime f